o, 3*k - 34 = -5*r. What are the prime factors of k?
2
Suppose -6*h = -13*h + 2793. What are the prime factors of h?
3, 7, 19
Suppose 6 = 2*j + 2. Suppose j*p - 19 = p. List the prime factors of p.
19
Let t = 15 - 10. Suppose a + 5*g - 17 = 0, -t*a + 25 = -4*g - g. What are the prime factors of a?
7
Let p = -10 - -23. What are the prime factors of p?
13
Let o(x) = -2*x**2 - 3*x + 9*x + 4*x**2 + 5. List the prime factors of o(-4).
13
Suppose -10 + 25 = 5*m - 5*x, -5*x = 3*m - 1. List the prime factors of 36 - ((-2 - -1) + m).
5, 7
Let b = 95 - 56. What are the prime factors of b?
3, 13
Suppose h + 0*h - 1 = 3*p, 0 = -5*h - p + 5. Let w(i) = 5 - h - 3 - 2 - 14*i. What are the prime factors of w(-1)?
13
Suppose -18 = 4*a - a. List the prime factors of (-44)/a - (-4)/6.
2
Suppose n + 35 = 6*n. Suppose -2*c = -3*v + 140, v = 4*c + n + 23. List the prime factors of v.
2, 5
Let y = 2 - -1. Suppose -5*r - v = -17, -5*r + y*v = 6*v - 21. Suppose -r*w - 2*a = -27, -3*w + 5*a = 2*w - 45. List the prime factors of w.
3
Suppose d - 2 = 2. Suppose o + 4 = d*r, -4*r + o + 20 = 4*o. Suppose -16 - r = -2*n. List the prime factors of n.
3
Suppose 0 = 8*h - 5*h - 5*x - 467, 3*x = -3*h + 435. What are the prime factors of h?
149
Suppose 4*k + 2 = 6*k. Let c be ((-159)/(-3))/(k + 0). Suppose -3*b - 14 + c = 0. What are the prime factors of b?
13
Let b = 63 - -3. What are the prime factors of b?
2, 3, 11
Let i(r) = r**2 - 1. Let a(w) = 7*w**2 - 3*w - 7. Let j(k) = a(k) - 6*i(k). Let u be j(4). Suppose u*h - 27 = -0*h. List the prime factors of h.
3
Let q(d) = -d**3 - 11*d**2 - 11*d - 4. Let z be q(-10). Let y = z + -6. Suppose -5*c + 3*w + 63 = -y*c, w = -c + 11. What are the prime factors of c?
2, 3
Let r = 24 - 5. Let y be 6/8 - r/4. Let f(j) = -3*j + 3. List the prime factors of f(y).
3, 5
Let c be (-2)/(-10) - (-2)/(-10). Suppose c = -2*j + 5 + 1. Suppose -2*s - 16 = -t, -j*t - 2*s - 3*s = 7. What are the prime factors of t?
2, 3
Let p be ((-9)/6)/(2/52). Let q = -25 - p. What are the prime factors of q?
2, 7
Suppose -47 = -3*u - 2*u - s, -3*u + 31 = 2*s. What are the prime factors of u?
3
Let c(q) = q**3 + 13*q**2 + 12*q + 2. Let r be c(-12). Suppose 4*i - k + 4*k = -4, r*i - 2*k - 12 = 0. What are the prime factors of i?
2
Let m(a) be the third derivative of a**4/24 + 35*a**3/6 + 3*a**2. What are the prime factors of m(0)?
5, 7
Let h(u) = -89*u - 2. What are the prime factors of h(-1)?
3, 29
Let o = 550 + -163. What are the prime factors of o?
3, 43
Let t = -7 + 15. Let l = 10 - t. List the prime factors of l.
2
Suppose -g - 5*h + 23 = 0, -5*h = 4*g - 0*g - 32. Let l(b) = 3*b**2 - b + 3. What are the prime factors of l(g)?
3
Suppose -5*u = -21 + 6. Suppose -u*p - x - 64 = -6*p, 0 = -4*p - 3*x + 107. List the prime factors of p.
23
Suppose -4*c = 5*l - 114 + 6, 2*c = -l + 24. Let q = l - 7. What are the prime factors of q?
13
Suppose 0 = -a - 3*f + 67, 3*a = -2*a - 3*f + 323. List the prime factors of a.
2
Let b(w) = -w + 2. Let v be b(0). What are the prime factors of 15 - v/((-2)/(-3))?
2, 3
Let x be -3*(-3)/18*0. Suppose 2*m - 3 - 1 = x. List the prime factors of (3/m)/((-1)/(-6)).
3
Let t = 3 - -4. List the prime factors of t.
7
What are the prime factors of (-353)/(-3) - 2/3?
3, 13
Let a(z) = -6*z - 10. What are the prime factors of a(-5)?
2, 5
Let b(z) = -z**3 + 7*z**2 - 6*z - 3. Let k be b(6). Let n = 1 - k. What are the prime factors of n?
2
Suppose 5*m + 1 + 49 = -5*s, 0 = 3*s - 2*m + 5. Let c = 15 + s. What are the prime factors of c?
2, 5
Suppose -3*l + 7*l - 12 = 0. Suppose l*g + 1 = 2*x - 15, -2*g = 4*x. What are the prime factors of (3 + 3)*1/x?
3
Let f(j) = -j - j + 0 + 3*j + 2. What are the prime factors of f(5)?
7
What are the prime factors of ((-54)/1)/((-16)/24)?
3
Suppose 0 = -9*m + 118 + 1601. List the prime factors of m.
191
Suppose -w = -2*w - 6. Suppose 0 = -6*k + 2*k - 8. List the prime factors of (10/3)/(k/w).
2, 5
Suppose 2*c + 0*c + 10 = 2*w, -4*c - 21 = -3*w. Let p(b) = b**3 + 5*b**2 - 7*b + 8. Let q be p(c). What are the prime factors of ((-12)/q)/((-3)/42)?
2, 3
Let b = 12 + -10. List the prime factors of b.
2
Let p = -9 + 9. Let j = p - 1. List the prime factors of 7 - (-3 + 0)/j.
2
Let x = -411 + 601. List the prime factors of x.
2, 5, 19
Let d(m) = -m - 1. Let p be d(8). Let r be 152/36 + 2/p. Suppose -k - 41 = -r*k - u, -k - 5*u - 5 = 0. What are the prime factors of k?
3, 5
Let z = -62 + 66. List the prime factors of z.
2
Suppose -5*y + 20 = -0*y. Suppose -115 = l + y*l. What are the prime factors of l/(-2) + 3/6?
2, 3
Let c = -8 - -13. Let s be (c/(-10))/(2/(-4)). List the prime factors of (-1)/(s*3/(-6)).
2
Suppose 0 = 3*g - 37 - 164. List the prime factors of g.
67
Let b be (-36)/4*(-2 + 1). Suppose -b*y = -7*y - 74. What are the prime factors of y?
37
Let k be (-5)/(-10) - 5/(-2). Suppose 34 - 2 = 4*w + 4*g, -5*w - k*g + 34 = 0. What are the prime factors of w?
5
Let h(a) = -a**3 - 7. Let z be h(0). What are the prime factors of 290/70 + 1/z?
2
Let o(w) = w**3 - w**2 + 9*w. What are the prime factors of o(4)?
2, 3, 7
Let y be (-1)/5 - 21/(-5). Suppose -2*f = -4*v - 14, 0 = -y*v + 5*v + 5. List the prime factors of (-9)/(f*1/4).
2, 3
Let z(p) = -6*p + 12. Let v be z(-10). Let d = v - 51. What are the prime factors of d?
3, 7
Suppose 0 = 5*y - q + 54, -5*y + 2*q + 0*q = 58. Let d = -7 - y. Suppose 5*l - 76 = f, 2*l = -d*l - 4*f + 96. List the prime factors of l.
2
Suppose -5*g + 9 = -2*g. List the prime factors of (10/(-3))/((-1)/g).
2, 5
Let d(x) = 3*x**3 - 4*x**2 + x - 2. Let t(m) = 7*m**3 - 7*m**2 + 2*m - 3. Let i(o) = 5*d(o) - 2*t(o). List the prime factors of i(6).
2
Suppose 0 = -5*g + g. Suppose 4*j = 5*j - 14. Suppose y + g*y = j. What are the prime factors of y?
2, 7
Let q(j) = j**2 + j + 8. Suppose b + 3 = 9. Suppose b*r = r. What are the prime factors of q(r)?
2
Suppose -3*j + 281 + 224 = -2*u, -j + 3*u = -173. List the prime factors of j.
167
Suppose 2*g + k - 3 = 0, -3*g + 8*g = 2*k + 12. Let u = 44 - -4. Suppose -g*o + u = 20. What are the prime factors of o?
2, 7
Let s be ((-3)/(-3))/((-3)/(-12)). Let k = 47 + s. What are the prime factors of k?
3, 17
Let h = 23 - 33. Suppose 0 = 2*d - 3*m - 35, d + 3*m - 18 = 4*m. Let g = d + h. What are the prime factors of g?
3
List the prime factors of (20 - -2)*(-66)/(-12).
11
Suppose 4*b - 4*q + 159 = q, -q - 1 = 0. Let o = 68 + b. What are the prime factors of o?
3
Suppose -2*y + 3*y - 32 = 0. Let j = y - -3. List the prime factors of j.
5, 7
Suppose 2*s = 6*s + 20. Let a be (s - 2)*(-72)/28. Suppose 0 = -4*x - a + 50. List the prime factors of x.
2
Suppose 3*x - 20 = -2*x. Suppose 0 = -4*t + 20, 17 = -2*d + x*t + 5. Suppose 3*w - 2*u - u = 0, -w = -2*u + d. What are the prime factors of w?
2
Let a be -10*((-9)/(-6) - 2). Suppose 4*o + 59 + 198 = -a*h, -5*o = 3*h + 162. What are the prime factors of 1/(-3) - h/3?
2
Let o = 10 - -2. List the prime factors of o.
2, 3
Let y(b) be the first derivative of b**2/2 + 6*b - 1. Let s be y(-4). What are the prime factors of 21/s + (-12)/(-8)?
2, 3
What are the prime factors of (-21 + 15)/(1/(-7))?
2, 3, 7
Suppose -5*w + 2 = -4*w. What are the prime factors of (-6)/(-2)*10/w?
3, 5
List the prime factors of (14/8)/((-9)/(-36)).
7
What are the prime factors of (-62)/(-2) - (-2 - -4)?
29
Let z = -43 + 107. What are the prime factors of z?
2
What are the prime factors of (-2)/(-1) - 3172/(-26)?
2, 31
Suppose 0*d = -d - 54. Let s be (d/(-8))/(15/40). Suppose 78 = -0*o + 5*o + 4*l, -o + s = 2*l. List the prime factors of o.
2, 7
Let w(g) = 11*g - 60. List the prime factors of w(9).
3, 13
Suppose -5*f + 306 = 4*g, -4*f - 5*g + g + 244 = 0. What are the prime factors of f?
2, 31
Let r(m) = -9*m**3 - m**2 - 5*m - 5. List the prime factors of r(-2).
73
Let l(q) = 5*q**2 - 2*q + 5. List the prime factors of l(4).
7, 11
Suppose 10 = 5*c, -n + 2*c + 72 = 21. Suppose 0 = 4*d - 6*d + 8. Suppose -d*r - n = -9*r. What are the prime factors of r?
11
Let j = 42 - 34. What are the prime factors of j?
2
Suppose -c + 2*t + 14 = 0, -10 = -5*c + 2*t - 4*t. Let k(m) = m - 3*m**2 - m**3 - 2*m + m - c. List the prime factors of k(-4).
2, 3
List the prime factors of -2 - 31*(-4 - (-3 + 2)).
7, 13
Suppose -4*k + 15 = k. Let v = k - -7. List the prime fac